 f - -54. Let t(o) = 0 + 2*o - 3 - o**2 + 0*o. Determine t(d).
-18
Let j(l) = 2*l**3 + 4*l**2 + l - 1. Let u(i) = -7*i**3 - 11*i**2 - 10*i - 2. Let s(x) = -4*j(x) - u(x). Let w(d) = -d**3 + d. Let c be w(2). Calculate s(c).
6
Let f(q) = -12*q + 7. Let o(r) = 7*r**2 + 547*r + 80. Let d be o(-78). Determine f(d).
-17
Let r(v) = -v**2 - 29*v + 8. Suppose 0 = -2*b - 19*x + 16*x - 43, 4*x - 49 = b. What is r(b)?
8
Let v(q) = -6*q**2 - 3*q - 1. Let j be v(-1). Let t be ((-50)/j)/((-3)/(-102)). Let x(y) = 425 - 4*y - t. Calculate x(2).
-8
Let s(r) = -6*r**2 + 19*r + 24*r + 2 - r**3 + 0 - 36*r. Let t be s(-7). Let y(g) = -6*g - 4*g**3 + 4*g**3 + 3*g**3 - 4*g**t - 2*g**3. Give y(5).
-5
Let z(n) be the third derivative of n**8/6720 + n**7/504 + n**6/144 + n**5/60 + 5*n**4/6 - 23*n**2. Let i(f) be the second derivative of z(f). Give i(-4).
-2
Let p = 400 + -369. Let s(q) = -4*q + p + 32 + q + 2*q - 74. Determine s(-12).
1
Let w(b) = 91*b - 149*b + 79*b + 41 + b**2. Give w(-19).
3
Let s(n) = -8 + 14 - n - 20 + 0*n. Give s(2).
-16
Let l be -4 - (7 - (10 - 14)*(-95)/20). Let d(z) = z**3 - 12*z**2 + 31*z - 4. Determine d(l).
-12
Let b be 3/((-4)/(-6) - 1/(-3)). Suppose b*d = 212 + 232. Let k(w) = -d + 2*w + 2*w + 146 - 3*w. Calculate k(6).
4
Let g = -232 + 232. Suppose -2*q + c - 6 + 8 = g, q = c - 1. Let u(k) = 4*k**2 - 2. Determine u(q).
34
Let f(r) = -r**3 - 2*r**2 + 4*r - 3. Let p be (-10)/(-4) + 14/(-4) + 3. Suppose -k + 54 = z, 0 = -p*z - 2*z + k + 196. Let b = z - 54. Give f(b).
13
Let s = 402 - 397. Let q(z) be the second derivative of 0 + 4*z - 7/6*z**3 + 5/2*z**2 + 1/12*z**4. Calculate q(s).
-5
Let m(g) = 48*g - 3*g**2 - 15 - 139*g + 6 + 66*g. What is m(-10)?
-59
Let d(f) be the second derivative of f**5/20 + f**4/6 + f**3/6 - 2*f**2 - f - 91. Determine d(-2).
-6
Let x(c) = 4*c + 12. Let a be (-9)/54 + (-3)/((-36)/38). Suppose -3*u + 5 = -a*p - 8*u, -2*p - 18 = -4*u. Give x(p).
-8
Let n(j) = j**2 + j - 44. Let f = -3144 + 3144. What is n(f)?
-44
Let h(m) be the first derivative of -m**3/3 + 9*m**2 - 9*m + 1207. What is h(17)?
8
Let d(y) = -5. Let c(a) = -4*a + 69. Let r be c(18). Let t(g) = g - 14. Let z(h) = r*t(h) + 8*d(h). Give z(-3).
11
Let a(h) = -3*h + 8. Let t(y) = -9*y + 23. Let d(z) = 17*a(z) - 6*t(z). Suppose 9 + 20 = w - 4*q, 3*q + 23 = w. Give d(w).
13
Let v(j) = -j**2 + 25*j. Let p(y) = 5*y**2 - 97*y. Let f(c) = p(c) + 4*v(c). Determine f(-5).
10
Let h(v) = -v**2 + 9*v + 23. Suppose -3*x = -3 - 0, -2*c - 5*x = -7. Let y be 22*c*2/4. Let a be h(y). Let j(k) = k - 1. What is j(a)?
0
Let k(d) = 2*d - 21 + 0*d - d. Suppose -137 + 31 = -5*h + 4*j, 186*j - 191*j - 45 = 0. Give k(h).
-7
Suppose 0 = 4*g + 4*a, -a = 49*g - 50*g + 10. Let r be ((-2)/g)/((-48)/600). Let o(l) = -l**2 + 3*l + 4. Give o(r).
-6
Let i(c) = -c - 12. Let w(j) = -1. Let u(r) = i(r) - 5*w(r). Suppose 81 = 21*z + 63 + 144. Give u(z).
-1
Let j be (-49)/7*-3*(-4)/(-42). Let c(x) = j*x**2 + 6*x**2 - 3*x + 6*x**2 - 15*x**2 + 1 + 2*x - 28*x**3. Determine c(1).
-29
Let f(l) = 1755*l - 3 + 0 - 1771*l + 10. Give f(1).
-9
Suppose -5*d - 2 = -22. Suppose 5*f = d*n + 8 + 6, n + 2*f = 3. Let t(l) be the third derivative of -7*l**5/20 - l**3/6 - 4*l**2 + 13. Determine t(n).
-22
Let h(u) = -13*u**2 + 9*u - 2. Let s be h(1). Let m be (18/15)/((-3)/(-45)). Let x be 12/m*s/4. Let t(q) = -7*q**3 + q**2 - q - 1. Give t(x).
8
Suppose 0 = -13*n - 574 + 587. Let h(p) = 22*p - 27. Let w be h(n). Let c(f) = 3*f**2 + 6*f - 4. What is c(w)?
41
Let c(n) be the second derivative of -n**5/20 - n**4/4 + 17*n**3/6 + 11*n**2 - 10*n + 123. Give c(-5).
-13
Suppose 9 + 6 = -5*v. Let t(m) be the second derivative of -m**4/6 - m**3/2 + 7*m**2/2 + 26*m. Let f be t(v). Let o(q) = 3*q + 2. What is o(f)?
-4
Suppose -4*w - 12 = p, w = -4*w - 4*p - 4. Suppose -2*d + 46 = 2*d - s, 2*s - 4 = 0. Let c(z) = 2*z + 10*z - 6 - z**2 + d*z - 30*z. Give c(w).
2
Suppose 5*p + 36 = c, 0 = -2*c + 5*p - 3*p + 64. Suppose -16*x - c - 49 = 0. Let q(t) = t**3 + 6*t**2 + 4*t + 2. Calculate q(x).
7
Suppose 3*p - 21 = -21. Let t(m) be the third derivative of 0 + 1/24*m**4 + 0*m + 17*m**2 + 1/120*m**6 - 1/60*m**5 - 3*m**3. Determine t(p).
-18
Suppose 0 = 5*c - 5*r - 895, 3*c - 2*r = -r + 527. Let q = c - 170. Let h(f) = f - 3. Calculate h(q).
1
Let n(a) be the third derivative of a**5/10 - 155*a**4/24 - 13*a**3/3 - 12*a**2 + 144. Determine n(26).
0
Let f(t) = -7*t - 193. Let x(w) = -18*w - 471. Let g(m) = -12*f(m) + 5*x(m). What is g(-7)?
3
Let r(h) = 4*h + 19. Let m(n) = n**3 + n**2 + n + 11. Let y be m(0). Let w be r(y). Let g = 59 - w. Let d(f) = -2*f. Determine d(g).
8
Let j = -290 - -296. Let m(a) = a**3 - 8*a**2 + 19*a - 42. Give m(j).
0
Suppose 0*a = -2*a - 8. Let k(j) = -311*j + 5. Let s be k(-11). Let t(i) = i - i**3 + 3424 - s - 2*i**2 + 4*i. Determine t(a).
10
Let a be (-1)/(-2) + 65/10. Suppose -3*j + a*j - 4 = 0. Let m(g) be the third derivative of 23*g**4/24 - g**3/6 + 289*g**2. Determine m(j).
22
Let m(q) = q**2 + 10*q - 20. Suppose 18*n + 198 = -4*n. Let g be (-3)/n*4*3*-3. Calculate m(g).
4
Let f(o) = -14*o + 11. Let m(n) = n**3 - 74*n**2 - 161*n + 687. Let g be m(76). Give f(g).
-31
Suppose -34 + 26 = -2*o. Suppose -5*d = 5*b, o*d + 12 = -8. Let g(u) = u**3 - 5*u**2 - 4. Calculate g(b).
-4
Let b(m) = 2*m**2 - m - 4. Let z = -105 - 31. Let d = 139 + z. What is b(d)?
11
Let s(h) = -h**2 - 4*h + 2. Let t be s(-3). Suppose -t*p - 14 - 11 = 0, p = c - 103. Let v(k) = 2*k**2 + 4*k + 94 + c - 189. Determine v(-3).
9
Let q = 1 + -4. Let s be (0 - 6)*q/(54/15). Suppose 5*h + 22 = 3*b, -5*h = -3*h + s*b - 16. Let y(x) = -x**3 + 2*x + 2. Calculate y(h).
6
Let p(y) = y**2 + 4*y - 3. Let w be p(-8). Suppose -89 = -w*c - 2. Let x(i) = 5*i - 4. What is x(c)?
11
Suppose 4*w + 12 = -u - 5, -65 = 3*u - 2*w. Let i be 10/(-35) + (-468)/u. Suppose 5*h = m - 4*m + 10, -2*h - i = -4*m. Let t(s) = -4*s + 7. Determine t(m).
-13
Suppose -18*l = -7*l + 2189. Let p = l - -202. Let w(j) = 3*j**2 - 3*j + 3. Determine w(p).
21
Let z(s) = s**2 - 5*s - 4. Let l be z(6). Suppose 0*a - 5*o - 2 = a, -4*a = o - 11. Suppose 8 = -a*f + l. Let q(x) = -x**3 - x**2 - 2*x. Determine q(f).
8
Let z(w) be the third derivative of w**4/3 - 11*w**3/6 - 2*w**2 + 128*w. Give z(-10).
-91
Let h(u) = u**3 - 88*u**2 + 85*u + 170. Let f be (0 - -6 - (-8 + 5)) + 78. Give h(f).
-4
Let x(a) = a**2 + 2*a + 10. Let q be x(-3). Let p(n) = -15*n + n + q*n. What is p(7)?
-7
Let a be -1 + -1 + (-1 + 4)*1. Let w(t) = 118*t - 22*t**2 - a - 59*t - 60*t. Give w(-1).
-22
Let l(g) = -2*g + 45. Let k be l(15). Let r be 35/k*6/7. Let d(y) = 15*y + 2. Calculate d(r).
32
Let d = 0 + 3. Let a(m) = -4*m**2 - 8. Let j(n) = 5*n**2 + n + 9. Suppose 4*b = 19*b + 90. Let s(r) = b*a(r) - 5*j(r). Calculate s(d).
-21
Suppose -i - 123 = -5*f, -1264*f + 1267*f - 4*i - 101 = 0. Let x(l) = -11*l + 246. Determine x(f).
-7
Let p(a) = -7*a**2 + 5*a - 60. Let x(n) = 8*n**2 - 5*n + 68. Let o(l) = 7*p(l) + 6*x(l). What is o(7)?
-26
Suppose -592 = -103*t - 489. Let b(n) = n**2 + 1. Let g(f) = -1. Let l(o) = 4*b(o) + 3*g(o). Determine l(t).
5
Let y = 9 - 5. Suppose -4*u + 45 = r, -y*r + 2*r = -5*u + 40. Suppose 0 = 5*x - u, -x + 3 = 5*l - 2*x. Let w(g) = 4*g + 1. Give w(l).
5
Let o(t) be the second derivative of -t**3 - 26*t**2 + 2370*t. Calculate o(-5).
-22
Let q(s) = -s**3 - 2*s**2 - s + 2. Let a be q(1). Let i(o) = -3*o - 3. Let j be i(a). Let r(h) = 13 - 8 + h**j - 2*h - 7*h**2 + 3*h**2. Give r(4).
-3
Let t = -50 + 53. Let w(n) = 8*n**3 - 4*n**3 - 1 - n - 3*n**t - n**2 - 2*n**3. What is w(-2)?
5
Let k(m) = 40*m + m**2 - m + 30 + m - 53*m. What is k(9)?
-6
Suppose 3*o = 5*j + o + 5, 0 = 2*j - 5*o - 19. Let n be ((-13)/(-1) - -2) + j. Suppose x + 11 = 2*f, 3*x + 5 + n = 2*f. Let m(v) = -v + 3. Give m(f).
-1
Let h(j) = -j**2 - 30*j + 54. Let d be (1674/(-162))/(3/9). What is h(d)?
23
Let g be 10 + (-32)/64*40. Let p(c) = -c - 25 - 6*c - 5*c - c**2. What is p(g)?
-5
Let l(v) = 5*v + 22*v - 56 - 15*v + v**2. Let g be l(4). Let c(a) = a**3 - 8*a**2 - 3*a + 6. What is c(g)?
-18
Let d(n) = n**3 + 8*n**2 + 8*n + 2. Let s(i) = -5*i + 71. Let j be s(13). Suppose -12*b + j = -13*b. Determine d(b).
26
Let x(d) be the third derivative of -d**6/120 + 3*d**5/20 - 11*d**4/12 + 13*d**3/6 - 2262*d**2. What is x(2)?
-3
Let 